actors of k?
5, 19, 47
Let y = 310 - 135. Suppose -470 = 4*o + 3*u, -u = -0 - 2. Let k = o + y. What are the prime factors of k?
2, 7
Let h = 55876 + -30415. What are the prime factors of h?
3, 23, 41
Let q(u) be the first derivative of -u**4/4 - 16*u**3/3 - 3*u**2 + 8*u - 41. Let g = -40 - -24. What are the prime factors of q(g)?
2, 13
Let r = 4686 + -3200. Let u = r - 1045. List the prime factors of u.
3, 7
Suppose d = 3*d - 38. Let b = d - 19. Suppose b = 4*y - 2*f - 190, -2*y - 2*f + 107 = -3. List the prime factors of y.
2, 5
Suppose -3*c = 19*c + 47124. Let k = c + 3195. List the prime factors of k.
3, 13
Let g(n) = n + 14. Let c = 29 - 38. Let j be g(c). Suppose -j*u + 159 = 4*t, 5*t + 0 = -2*u + 186. What are the prime factors of t?
2, 3
Suppose -28*o + 63 = -21. What are the prime factors of (5 + -111 - o)*-2?
2, 109
Suppose 0 = 4*s + 2*u + 58 + 204, 184 = -3*s + u. List the prime factors of (6 - 3 - s) + -4.
2, 31
Let w(a) = -100*a + 17. Let s be w(-3). Suppose 5*u = q + 712, -s - 383 = -5*u + 5*q. What are the prime factors of u?
11, 13
Let k(t) = 3*t**2 + 9*t + 3. Let z be 55/99*(-12)/(-10)*6. What are the prime factors of k(z)?
3, 29
Let o = 55 + 75. Suppose -5*y = -995 - o. What are the prime factors of y?
3, 5
Let i(b) = 339*b - 6270. List the prime factors of i(56).
2, 3, 13, 163
Suppose -739 = -6*c + 2807. Suppose 225 = 12*f - c. What are the prime factors of f?
2, 17
Let c(g) = -74*g + 99. Let b be c(-19). Let t = -1041 + b. What are the prime factors of t?
2, 29
Let q(g) = g**3 - 10*g - 11. Let p be q(6). Let s = p + -118. What are the prime factors of s?
3
Let w be ((27 - -3)/(-5))/((-9)/5934). What are the prime factors of (-78)/(-182) + w/14 - 6?
277
Let n(a) be the second derivative of a**4/6 + 13*a**3/6 + a**2/2 + 5*a. Suppose 5*j - g = -62, -5*g = -2*j - 2*j - 58. List the prime factors of n(j).
7, 19
Suppose -90*p + 126366 = 7901 - 25625. List the prime factors of p.
1601
Let l(u) = u**2 - 7*u + 20. Let h(n) = n**3 - 4*n**2 - 2*n - 3. Suppose 10 = 5*b - 15. Let c be h(b). What are the prime factors of l(c)?
2, 5
Suppose 2*u = 5*h - 199, 5*h - 87 = 5*u - 4*u. Let w be 110/11 - (2 + -1). Let x = w - u. What are the prime factors of x?
11
Let w = 496 + -288. Let d be (w/4 + 5)/(3/(-10)). Let y = -130 - d. List the prime factors of y.
2, 3, 5
Let i = -12599 - -23879. What are the prime factors of i?
2, 3, 5, 47
Let o = -11 - -16. Suppose -54 = -4*j - 2*a, 9 = -o*a - 6. List the prime factors of (-498)/(-2)*((-35)/j - -3).
2, 83
Let j(g) = -22*g - 3. Let f be j(-3). Let b = 166 - f. Let a = -38 + b. What are the prime factors of a?
5, 13
Let q(h) = 62*h + 16. Let w be q(-7). Let u = w + 592. Suppose 7*z = -u + 1413. List the prime factors of z.
3, 59
List the prime factors of (1 + 19 + -2)*(-10824)/(-108)*3.
2, 3, 11, 41
Let o = -4329 - -14790. List the prime factors of o.
3, 11, 317
Suppose -2*y - 1182 = 1814. Let o = 2648 + y. List the prime factors of o.
2, 5, 23
Let o(p) = -p**3 + 9*p**2 + 3*p - 23. Let m be o(9). What are the prime factors of (-2 - -3) + m - -45?
2, 5
Let s = -241 + 247. What are the prime factors of (62/(-10))/(s + (-4088)/680)?
17, 31
Let w(b) = -5*b**2 + b + 1. Let n be w(1). List the prime factors of (-14820)/40*4/n.
2, 13, 19
Let c(s) = 1137*s - 340. What are the prime factors of c(8)?
2, 11, 199
Let d(f) = -11*f + 74. Let c be d(7). List the prime factors of (c*(-5)/30)/((-1)/(-1236)).
2, 3, 103
Suppose 0 = s + 5*a - 1395, 3*s - 4169 = 3*a - 2*a. Let n = s - 813. List the prime factors of n.
577
What are the prime factors of -54866*(-1)/6 - (12 + (-38)/3)?
5, 31, 59
Let s = -27435 - -37319. List the prime factors of s.
2, 7, 353
Let p = -248 + 277. Suppose -4*q + 82 = -62. Let z = q - p. List the prime factors of z.
7
Let q(g) = -2*g - 2. Let x be q(-1). Suppose -5*f - 5*v + x*v = -20, -5*v = 4*f - 19. Let i(l) = 85*l**3 + l - 2. What are the prime factors of i(f)?
2, 3, 7
Let a = -99 - -219. List the prime factors of ((-36)/2)/(2/a*-9).
2, 3, 5
List the prime factors of ((((-85160)/(-15))/8)/((-14)/(-126)))/1.
3, 2129
Let v(a) be the second derivative of -a**5/20 - 7*a**4/12 + 3*a**3/2 - a**2/2 - 16*a. Let k be v(-8). Let y = 43 + k. List the prime factors of y.
2, 17
Let z(m) = -m**2 - m - 2. Let v be z(-2). Suppose 96 = 5*h - 9*h. List the prime factors of v/((-8)/(-3))*608/h.
2, 19
Let x be -22 + 7/(35/15). Let y(v) = v**3 + 20*v**2 + 3*v + 2. What are the prime factors of y(x)?
2, 3, 17
Suppose 4*t + 408 = 12*t. Let k = t + -28. Suppose -25*q + 36 = -k*q. What are the prime factors of q?
2, 3
Let k(u) = -21*u**2 - 45*u + 20. Let m(i) = 5*i**2 + 11*i - 5. Let t(f) = 2*k(f) + 9*m(f). Let r be t(-8). Let g = r - 57. What are the prime factors of g?
2, 29
Let j(o) = -387*o**3 - o**2. Let d be j(1). Let u = 84 - d. List the prime factors of u.
2, 59
Suppose -4*y - 15398 = -19*y + 6202. What are the prime factors of y?
2, 3, 5
Let c(d) be the second derivative of 13*d**4/3 + d**3/2 + 4*d**2 + 28*d. Let v be c(4). Suppose -13*z + 7*z = -v. What are the prime factors of z?
2, 71
Suppose 0 = d - 2*d + 5*g + 5001, -15059 = -3*d + g. Suppose -d = -23*s + 2431. What are the prime factors of s?
2, 3
Suppose -44 = -q + 21. Let s = 161 - q. Suppose -2*h = -4*h + s. List the prime factors of h.
2, 3
Let r(j) = -8*j + 19*j**2 - j**3 - 5*j**2 + 12 - j**2 - j. Let y = -59 - -70. List the prime factors of r(y).
5, 31
Let v(r) = 4*r**3 + 11*r**2 + 8*r - 100. List the prime factors of v(8).
2, 7, 97
Let f(a) = a**3 - 3*a**2 - 38*a - 1. Let g be 42/(-6)*27/(-21). List the prime factors of f(g).
11, 13
Let l = 181 - 127. What are the prime factors of l*1*17/51?
2, 3
Suppose 0 = -110*n + 128*n - 720. Suppose -2*r - 4*m + 10 = 0, 0*r - m = 2*r - 16. Suppose r*o - n = 4*o. What are the prime factors of o?
2
Suppose 76*v - 20 = 80*v. Let b be v - (1 + -3) - -6. List the prime factors of ((-9)/(-4))/((-12)/(-512)) - b.
3, 31
Suppose 2*n - 4*f = 82774 + 17654, 0 = -8*n + 4*f + 401700. What are the prime factors of n?
2, 12553
Let z = 4724 + 1673. List the prime factors of z.
6397
Let l(w) = -w**3 + 18*w**2 - 14*w - 33. Let v be l(17). Suppose -11*f - v + 7 = 0. What are the prime factors of (f + -3)/4 + 121?
2, 3, 5
Suppose 11278*r = 11293*r - 566340. What are the prime factors of r?
2, 9439
Let k = -2090 + 5446. What are the prime factors of k?
2, 839
Let n(m) = -43294*m + 149. List the prime factors of n(-1).
3, 1609
Suppose -d - 9 = 3*n, -3*d + 4*n + 26 = -2*d. Let f be 20/d*10 + 4/6. Suppose 4*a - f = 442. List the prime factors of a.
7, 17
Let u = 26982 - 18342. What are the prime factors of u?
2, 3, 5
Suppose 0 = -3*v + 12, -28 = 4*x + 2*v + 120. List the prime factors of (36840/x)/(-4) + 6/(-39).
2, 59
Let g(u) be the second derivative of -7*u**3/3 + 853*u**2/2 - u + 36. What are the prime factors of g(0)?
853
Let j = -253 - -277. Suppose 0 = -4*h - 20, -5*b + 6*b - h = 32. Suppose -j*n = -b*n + 90. What are the prime factors of n?
2, 3, 5
Let s = 218 - 202. Let w(d) = -d**3 + 19*d**2 - 37*d + 21. List the prime factors of w(s).
197
Let k = -6074 + 12074. List the prime factors of k.
2, 3, 5
Let r = 58491 - 38586. What are the prime factors of r?
3, 5, 1327
Let z = 19670 + 693. List the prime factors of z.
7, 2909
Suppose -11*r - 34223 = -18*r. What are the prime factors of r?
4889
Suppose -67007 = -61*q + 175895. List the prime factors of q.
2, 11, 181
Let r(o) = 2*o**2 - 158*o - 2. What are the prime factors of r(-6)?
2, 509
Let y = -59 + -182. Let r = 474 + y. Suppose -r = -2*d + 3*f + 156, 2*f = d - 192. What are the prime factors of d?
2, 101
Suppose -3*b = 5*a - 26, 2*b - b = -2*a + 10. Suppose -2*j + g + 1 + 17 = 0, 8 = b*g. Suppose -5*t + 34 + j = 0. List the prime factors of t.
3
Let r(o) = 15*o**2 - 2 - o**3 + o - o**3 + 3*o**3. Suppose -4*g = 2*t + 46, -3 - 19 = 3*g + 4*t. What are the prime factors of r(g)?
2, 3, 5
Let j = -103 + 146. Let f = 41 - j. List the prime factors of (3 - (-721)/(-21))*3/f.
47
Let c(g) = 3*g**3 + 41*g**2 + 35*g + 10. Let a(y) = -y**3 - 14*y**2 - 12*y - 2. Let h(r) = 8*a(r) + 3*c(r). Let v = -8 - 1. What are the prime factors of h(v)?
5, 19
Suppose -16*f - 9*f = -75. Suppose 5*r = -2*j + 3424, -5*r + 7*j + 3412 = f*j. List the prime factors of r.
2, 3, 19
Suppose 0 = 49*t